 is the greatest common divisor of 2487899 and 17?
17
Calculate the highest common factor of 1353888 and 4320.
864
Calculate the highest common divisor of 5616 and 464.
16
What is the greatest common factor of 182 and 87031?
7
What is the greatest common factor of 102 and 5418?
6
What is the greatest common divisor of 4262 and 20?
2
What is the highest common factor of 235 and 46295?
235
What is the highest common divisor of 66666 and 6027?
123
What is the highest common factor of 464 and 128?
16
Calculate the greatest common divisor of 51968 and 80.
16
What is the highest common factor of 21156 and 312?
12
Calculate the greatest common factor of 265616 and 117.
13
Calculate the greatest common factor of 1201950 and 50.
50
Calculate the greatest common factor of 18742 and 17.
1
What is the greatest common divisor of 6 and 251568?
6
What is the greatest common factor of 38 and 2172574?
38
What is the greatest common divisor of 87489 and 18?
9
Calculate the highest common factor of 2208 and 54480.
48
Calculate the highest common factor of 12180 and 3180.
60
What is the highest common factor of 25191 and 7153?
311
What is the greatest common factor of 226352 and 705?
47
What is the highest common factor of 17960321 and 701?
701
What is the greatest common factor of 20 and 210380?
20
What is the greatest common factor of 54 and 147933?
27
What is the greatest common divisor of 10362 and 22?
22
Calculate the highest common factor of 161109 and 442.
221
Calculate the highest common factor of 29 and 72239.
29
Calculate the highest common factor of 5152 and 20079.
23
Calculate the highest common divisor of 2669 and 306.
17
Calculate the highest common factor of 240 and 579900.
60
Calculate the highest common divisor of 44469 and 1098.
549
What is the highest common divisor of 51323 and 187?
17
What is the greatest common factor of 322 and 350?
14
What is the highest common divisor of 438 and 2256?
6
What is the highest common divisor of 120 and 52296?
24
Calculate the highest common divisor of 34 and 1640823.
17
What is the highest common divisor of 601284 and 41652?
1068
What is the greatest common divisor of 1107 and 9553?
41
What is the greatest common factor of 1045 and 7601?
11
Calculate the highest common factor of 2240833 and 70.
7
What is the highest common factor of 41847 and 20967?
87
What is the greatest common divisor of 227733 and 201?
201
Calculate the greatest common factor of 91005 and 45.
15
What is the highest common divisor of 144 and 96552?
72
What is the greatest common factor of 9522140 and 10?
10
Calculate the highest common divisor of 25959 and 8568.
51
Calculate the greatest common factor of 166441 and 99.
11
What is the highest common divisor of 138628 and 112?
28
Calculate the highest common divisor of 28605 and 2865.
15
What is the greatest common divisor of 92130 and 6549?
111
What is the highest common divisor of 7030 and 4810?
370
What is the greatest common divisor of 29788 and 44?
44
What is the greatest common divisor of 3970 and 52404?
794
What is the greatest common factor of 1272 and 204?
12
Calculate the greatest common divisor of 6699950 and 20.
10
What is the greatest common divisor of 1145 and 80?
5
What is the highest common factor of 265031 and 26?
13
Calculate the greatest common factor of 115275 and 14790.
435
Calculate the greatest common divisor of 18659 and 329.
47
Calculate the highest common factor of 3175 and 21971.
127
What is the highest common factor of 70 and 25494?
14
Calculate the greatest common factor of 890006 and 130.
26
What is the highest common factor of 753 and 1774068?
753
Calculate the highest common divisor of 17288 and 8.
8
Calculate the highest common divisor of 375940 and 20.
20
Calculate the highest common divisor of 9408 and 1248.
96
What is the greatest common divisor of 36888 and 120?
24
Calculate the greatest common divisor of 66 and 784938.
66
What is the greatest common divisor of 16770 and 2150?
430
What is the highest common factor of 125 and 230?
5
What is the greatest common factor of 149 and 2021185?
149
Calculate the highest common divisor of 495 and 862455.
165
What is the greatest common factor of 4980 and 580?
20
Calculate the highest common divisor of 22480 and 26800.
80
What is the greatest common factor of 66 and 39732?
66
Calculate the highest common divisor of 5 and 191755.
5
Calculate the greatest common divisor of 784 and 87904.
16
Calculate the greatest common divisor of 1616 and 23937.
101
Calculate the highest common divisor of 1564560 and 1272.
1272
What is the greatest common factor of 1566 and 86436?
18
Calculate the greatest common factor of 2132 and 221.
13
What is the greatest common divisor of 93 and 860157?
93
What is the highest common factor of 144 and 127728?
144
Calculate the greatest common factor of 48 and 37480.
8
Calculate the highest common divisor of 9312 and 54528.
96
Calculate the greatest common divisor of 576 and 2402208.
288
What is the highest common divisor of 988 and 716794?
494
What is the highest common divisor of 371 and 3559003?
371
Calculate the greatest common divisor of 9052 and 146.
146
Calculate the highest common divisor of 185259 and 111.
111
What is the greatest common divisor of 50 and 118850?
50
Calculate the highest common divisor of 17667 and 7839.
117
Calculate the highest common divisor of 5660 and 2167214.
566
Calculate the highest common factor of 3591 and 430407.
513
Calculate the greatest common divisor of 170187 and 6392.
799
Calculate the highest common factor of 2067471 and 189.
189
What is the highest common divisor of 1596 and 9234?
114
Calculate the highest common divisor of 6228 and 3071442.
1038
Calculate the greatest common factor of 617 and 1741174.
617
Calculate the highest common divisor of 40077 and 15111.
657
Calculate the greatest common factor of 555 and 52355.
185
Calculate the highest common divisor of 1386 and 1331484.
462
Calculate the greatest common divisor of 40716 and 284229.
783
Calculate the greatest common factor of 835 and 35.
5
Calculate the greatest common divisor of 273486 and 342.
114
What is the highest common factor of 3093 and 42?
3
What is the highest common divisor of 13937 and 2079?
77
What is the greatest common divisor of 744 and 215016?
744
What is the greatest common factor of 8550 and 4100?
50
What is the greatest common factor of 52393 and 242?
121
Calculate the highest common factor of 63 and 420777.
63
Calculate the highest common divisor of 3768 and 791751.
471
Calculate the highest common divisor of 205 and 33743.
41
Calculate the highest common factor of 210810 and 45.
15
Calculate the greatest common factor of 310 and 272955.
155
What is the highest common divisor of 12 and 844548?
12
What is the highest common divisor of 497 and 3260817?
497
Calculate the highest common divisor of 8785 and 56.
7
What is the highest common divisor of 76 and 5738?
38
Calculate the greatest common factor of 12 and 3909.
3
Calculate the greatest common factor of 126 and 5262.
6
Calculate the highest common factor of 156 and 45851.
13
Calculate the greatest common factor of 6522928 and 86.
86
Calculate the highest common factor of 650 and 743340.
130
What is the greatest common divisor of 132294 and 816?
102
Calculate the greatest common factor of 12688 and 61.
61
Calculate the greatest common divisor of 180373 and 1707.
569
What is the highest common divisor of 10464 and 3000?
24
Calculate the highest common divisor of 12492 and 44.
4
What is the greatest common factor of 2263 and 1643?
31
Calculate the highest common factor of 229565 and 343.
49
Calculate the highest common divisor of 10 and 15082.
2
Calculate the highest common factor of 52590 and 110.
10
What is the highest common divisor of 13975 and 20?
5
What is the greatest common factor of 1925 and 231?
77
What is the highest common factor of 345911 and 3934?
281
What is the greatest common divisor of 472 and 40?
8
What is the highest common divisor of 17533 and 985?
197
Calculate the greatest common factor of 430 and 13674.
86
Calculate the greatest common divisor of 7170 and 2.
2
What is the highest common factor of 12140 and 106?
2
Calculate the highest common divisor of 4479 and 33.
3
Calculate the highest common